{"id":129,"date":"2019-11-05T02:38:30","date_gmt":"2019-11-05T02:38:30","guid":{"rendered":"http:\/\/cqmf.synchronicitycommunication.com\/?page_id=129"},"modified":"2025-07-10T11:03:00","modified_gmt":"2025-07-10T16:03:00","slug":"la-route-vers-la-medecine-de-famille","status":"publish","type":"page","link":"https:\/\/cqmfdev.cright.org\/?page_id=129","title":{"rendered":"La route vers la m\u00e9decine de famille"},"content":{"rendered":"\n<div class=\"wp-block-coblocks-accordion\">\n<div class=\"wp-block-coblocks-accordion-item\"><\/div>\n<\/div>\n\n\n\n<p>Pourquoi choisir la m\u00e9decine de famille?<\/p>\n\n\n\n<p>La\nm\u00e9decine de famille offre, \u00e0 travers un large \u00e9ventail de\npratiques, des soins de grande qualit\u00e9 accessibles, complets,\nglobaux et continus.<\/p>\n\n\n\n<h3 class=\"wp-block-heading\">Quelles\nsont les diff\u00e9rentes \u00e9tapes menant \u00e0 la certification en m\u00e9decine\nde famille?<\/h3>\n\n\n\n<div class=\"wp-block-coblocks-accordion\">\n<div class=\"wp-block-coblocks-accordion-item\"><details><summary class=\"wp-block-coblocks-accordion-item__title\"><strong>Demande d&rsquo;admission en m\u00e9decine<\/strong><\/summary><div class=\"wp-block-coblocks-accordion-item__content\">\n<p>La premi\u00e8re \u00e9tape consiste \u00e0 \u00eatre admis au programme de doctorat en m\u00e9decine (M.D.) d&rsquo;une facult\u00e9 de m\u00e9decine. Au Qu\u00e9bec, quatre universit\u00e9s offrent le programme, soit l&rsquo;Universit\u00e9 de Montr\u00e9al, l&rsquo;Universit\u00e9 de Sherbrooke, l\u2019Universit\u00e9 Laval et l&rsquo;Universit\u00e9 McGill. Il est \u00e9galement possible de suivre le programme de doctorat en m\u00e9decine au Campus de l\u2019Universit\u00e9 de Montr\u00e9al en Mauricie (Trois-Rivi\u00e8res), au Campus de Saguenay de l&rsquo;Universit\u00e9 de Sherbrooke (Chicoutimi) ou encore au Campus de l&rsquo;Outaouais de l&rsquo;Universit\u00e9 McGill.<\/p>\n\n\n\n<p>L&rsquo;admission\npeut se faire au sortir du c\u00e9gep ou apr\u00e8s avoir compl\u00e9t\u00e9 un\ndipl\u00f4me d&rsquo;\u00e9tudes universitaires. Chaque universit\u00e9 a ses propres\ncrit\u00e8res et modalit\u00e9s d&rsquo;admission. Vous pouvez trouver les\ninformations relatives \u00e0 l&rsquo;admission sur le site Web des facult\u00e9s\nde m\u00e9decine\n:<\/p>\n\n\n\n<div class=\"wp-block-columns has-2-columns is-layout-flex wp-container-core-columns-is-layout-1 wp-block-columns-is-layout-flex\">\n<div class=\"wp-block-column is-layout-flow wp-block-column-is-layout-flow\"><div class=\"wp-block-image\">\n<figure class=\"aligncenter\"><a href=\"https:\/\/medecine.umontreal.ca\/\" target=\"_blank\" rel=\"noopener noreferrer\"><img loading=\"lazy\" decoding=\"async\" width=\"349\" height=\"197\" src=\"http:\/\/cqmf.qc.ca\/wp-content\/uploads\/2019\/11\/Logo-Universite-Montreal.png\" alt=\"\" class=\"wp-image-165\" srcset=\"https:\/\/cqmfdev.cright.org\/wp-content\/uploads\/2019\/11\/Logo-Universite-Montreal.png 349w, https:\/\/cqmfdev.cright.org\/wp-content\/uploads\/2019\/11\/Logo-Universite-Montreal-300x169.png 300w\" sizes=\"auto, (max-width: 349px) 100vw, 349px\" \/><\/a><\/figure><\/div>\n\n<div class=\"wp-block-image\">\n<figure class=\"aligncenter\"><a href=\"https:\/\/www.mcgill.ca\/medicine\/fr\" target=\"_blank\" rel=\"noopener noreferrer\"><img loading=\"lazy\" decoding=\"async\" width=\"349\" height=\"197\" src=\"http:\/\/cqmf.qc.ca\/wp-content\/uploads\/2019\/11\/Logo-Universite-McGill.png\" alt=\"\" class=\"wp-image-167\" srcset=\"https:\/\/cqmfdev.cright.org\/wp-content\/uploads\/2019\/11\/Logo-Universite-McGill.png 349w, https:\/\/cqmfdev.cright.org\/wp-content\/uploads\/2019\/11\/Logo-Universite-McGill-300x169.png 300w\" sizes=\"auto, (max-width: 349px) 100vw, 349px\" \/><\/a><\/figure><\/div><\/div>\n\n\n\n<div class=\"wp-block-column is-layout-flow wp-block-column-is-layout-flow\"><div class=\"wp-block-image\">\n<figure class=\"aligncenter\"><a href=\"https:\/\/www.usherbrooke.ca\/medecine\/\" target=\"_blank\" rel=\"noopener noreferrer\"><img loading=\"lazy\" decoding=\"async\" width=\"349\" height=\"197\" src=\"http:\/\/cqmf.qc.ca\/wp-content\/uploads\/2019\/11\/Logo-Universite-Sherbrooke.png\" alt=\"\" class=\"wp-image-166\" srcset=\"https:\/\/cqmfdev.cright.org\/wp-content\/uploads\/2019\/11\/Logo-Universite-Sherbrooke.png 349w, https:\/\/cqmfdev.cright.org\/wp-content\/uploads\/2019\/11\/Logo-Universite-Sherbrooke-300x169.png 300w\" sizes=\"auto, (max-width: 349px) 100vw, 349px\" \/><\/a><\/figure><\/div>\n\n<div class=\"wp-block-image\">\n<figure class=\"aligncenter\"><a href=\"https:\/\/www.fmed.ulaval.ca\/accueil\/\" target=\"_blank\" rel=\"noopener noreferrer\"><img loading=\"lazy\" decoding=\"async\" width=\"349\" height=\"197\" src=\"http:\/\/cqmf.qc.ca\/wp-content\/uploads\/2019\/11\/Logo-Universite-Laval.png\" alt=\"\" class=\"wp-image-168\" srcset=\"https:\/\/cqmfdev.cright.org\/wp-content\/uploads\/2019\/11\/Logo-Universite-Laval.png 349w, https:\/\/cqmfdev.cright.org\/wp-content\/uploads\/2019\/11\/Logo-Universite-Laval-300x169.png 300w\" sizes=\"auto, (max-width: 349px) 100vw, 349px\" \/><\/a><\/figure><\/div><\/div>\n<\/div>\n<\/div><\/details><\/div>\n\n\n\n<div class=\"wp-block-coblocks-accordion-item\"><details><summary class=\"wp-block-coblocks-accordion-item__title\"><strong>Doctorat en m\u00e9decine<\/strong><\/summary><div class=\"wp-block-coblocks-accordion-item__content\">\n<p>Le doctorat en m\u00e9decine est d&rsquo;une dur\u00e9e de 4 ou 5 ans selon l\u2019universit\u00e9 choisie. Il comporte deux ann\u00e9es de cours th\u00e9oriques (pr\u00e9clinique) suivies de deux ann\u00e9es de stages en milieu clinique (externat) dans les diff\u00e9rentes disciplines de la m\u00e9decine. Au terme de ce programme, vous devrez r\u00e9ussir <a href=\"https:\/\/mcc.ca\/fr\/examens-et-evaluations\/eacmc-partie-i\/\" data-type=\"link\" data-id=\"https:\/\/mcc.ca\/fr\/examens-et-evaluations\/eacmc-partie-i\/\" target=\"_blank\" rel=\"noreferrer noopener\">l&rsquo;examen EACMC, partie I<\/a>, du Conseil m\u00e9dical du Canada (CMC) pour obtenir votre dipl\u00f4me et ainsi le titre de docteur en m\u00e9decine (M.D.).<\/p>\n<\/div><\/details><\/div>\n\n\n\n<div class=\"wp-block-coblocks-accordion-item\"><details><summary class=\"wp-block-coblocks-accordion-item__title\"><strong>Demande d&rsquo;admission en r\u00e9sidence<\/strong><\/summary><div class=\"wp-block-coblocks-accordion-item__content\">\n<p>\u00c0 la fin du doctorat, vous devez poser votre candidature pour un poste de r\u00e9sidence en m\u00e9decine de famille. La r\u00e9sidence en m\u00e9decine de famille est un programme universitaire postdoctoral d\u2019une dur\u00e9e de 2 ans. Il est possible de prolonger sa r\u00e9sidence, pour une dur\u00e9e de 3 \u00e0 12 mois (selon les programmes de formations compl\u00e9mentaires), pour approfondir ses connaissances et son exp\u00e9rience soit en \u00e9rudition, urgence, g\u00e9riatrie, soins palliatifs, obst\u00e9trique\/p\u00e9rinatalit\u00e9 (3 \u00e0 6 mois), en m\u00e9decine du sport et de l\u2019exercice ou encore en m\u00e9decine des d\u00e9pendances. La r\u00e9sidence est offerte dans les quatre facult\u00e9s universitaires dispensant le programme de doctorat. Vous pouvez choisir d&rsquo;effectuer votre r\u00e9sidence dans la m\u00eame facult\u00e9 o\u00f9 vous avez suivi votre programme de doctorat ou la poursuivre dans une autre facult\u00e9. L&rsquo;admission au programme de r\u00e9sidence est effectu\u00e9e via le <a href=\"https:\/\/www.carms.ca\/fr\/\" data-type=\"link\" data-id=\"https:\/\/www.carms.ca\/fr\/\" target=\"_blank\" rel=\"noreferrer noopener\">Canadian Resident Matching Service (CaRMS)<\/a>. Le Service canadien de jumelage des r\u00e9sidents (CaRMS) fournit un service de candidature en ligne et un jumelage informatis\u00e9 menant aux postes de formation m\u00e9dicale postdoctorale dans tout le Canada.<\/p>\n<\/div><\/details><\/div>\n\n\n\n<div class=\"wp-block-coblocks-accordion-item\"><details><summary class=\"wp-block-coblocks-accordion-item__title\"><strong>R\u00e9sidence dans un groupe de m\u00e9decine de famille &#8211; universitaire (GMF-U)<\/strong><\/summary><div class=\"wp-block-coblocks-accordion-item__content\">\n<p>La r\u00e9sidence en m\u00e9decine de famille s&rsquo;effectue dans les GMF-U. Ces derniers constituent un r\u00e9seau de cliniques offrant des soins et services m\u00e9dicaux o\u00f9 est dispens\u00e9e la formation pendant les deux ann\u00e9es de r\u00e9sidence en m\u00e9decine de famille.\u00a0Ces cliniques affili\u00e9es \u00e0 une facult\u00e9 universitaire sont r\u00e9parties au Qu\u00e9bec et au Nouveau-Brunswick. \u00c0 ces missions cliniques et d&rsquo;enseignement, s\u2019ajoutent celles de contribuer \u00e0 la recherche et au d\u00e9veloppement de la discipline. Le choix du GMF-U se fait au moment de l&rsquo;admission via le CaRMS. Consultez <a href=\"https:\/\/www.cqmf.qc.ca\/releve\/faq-gmf-u\/\" data-type=\"page\" data-id=\"148\" target=\"_blank\" rel=\"noreferrer noopener\">notre FAQ<\/a> au sujet de la s\u00e9lection de votre GMF-U.<\/p>\n\n\n\n<p>Pendant\nvotre r\u00e9sidence, vous effectuerez des stages dans tous les secteurs\no\u00f9 les m\u00e9decins de famille peuvent \u00eatre appel\u00e9s \u00e0 pratiquer :\nprise en charge en bureau (enfants, adultes, personnes \u00e2g\u00e9es), sans\nrendez-vous, obst\u00e9trique, urgence, hospitalisation, soins de longue\ndur\u00e9e, soins \u00e0 domicile, soins palliatifs, chirurgie mineure, etc.<\/p>\n<\/div><\/details><\/div>\n\n\n\n<div class=\"wp-block-coblocks-accordion-item\"><details><summary class=\"wp-block-coblocks-accordion-item__title\"><strong>Examen de certification en m\u00e9decine de famille<\/strong><\/summary><div class=\"wp-block-coblocks-accordion-item__content\">\n<p>Au terme de la r\u00e9sidence, vous devrez r\u00e9ussir un examen pour obtenir la certification en m\u00e9decine de famille du Coll\u00e8ge des m\u00e9decins de famille du Canada (CMFC). Cet examen, d&rsquo;une dur\u00e9e de 2 jours, comporte deux volets, un \u00e9crit et un oral.<\/p>\n\n\n\n<p>Pour savoir comment bien se pr\u00e9parer \u00e0 l\u2019examen, nous vous invitons \u00e0 consulter la rubrique <em><a href=\"https:\/\/www.cqmf.qc.ca\/releve\/preparation-a-lexamen\/\" data-type=\"page\" data-id=\"139\" target=\"_blank\" rel=\"noreferrer noopener\">Pr\u00e9paration \u00e0 l\u2019examen<\/a><\/em> de la section \u00ab Rel\u00e8ve \u00bb.<\/p>\n\n\n\n<p>De plus, en appui \u00e0 vos travaux et \u00e0 l\u2019\u00e9tude de l\u2019examen de certification, le CMFC met \u00e0 votre disposition une multitude de <em><a href=\"https:\/\/www.cfpc.ca\/fr\/education-et-developpement-professionnel\/examens-et-certification\/examen-de-certification-en-medecine-familiale\" target=\"_blank\" rel=\"noreferrer noopener\">ressources<\/a><\/em>. Notez qu\u2019elles peuvent vous servir tout au long de votre parcours professionnel.<\/p>\n\n\n\n<p>Enfin, lorsque vous r\u00e9ussissez l\u2019examen de certification en m\u00e9decine de famille, vous \u00eates d\u00e9sormais autoris\u00e9s \u00e0 utiliser la d\u00e9signation CCMF (certifi\u00e9 du Coll\u00e8ge des m\u00e9decins de famille du Canada). Pour maintenir cette certification, vous devez rester membre du CMFC et participer \u00e0 des activit\u00e9s de formation continue r\u00e9pondant aux exigences Mainpro+<sup>MD<\/sup>. Cette d\u00e9signation est une marque de qualit\u00e9 reconnue en m\u00e9decine de famille \u00e0 travers le pays, et le monde.<\/p>\n<\/div><\/details><\/div>\n<\/div>\n\n\n\n<p>Consultez la section <em><a href=\"https:\/\/www.cqmf.qc.ca\/releve\/preparer-sa-pratique\/\" data-type=\"page\" data-id=\"150\" target=\"_blank\" rel=\"noreferrer noopener\">Pr\u00e9parer sa pratique<\/a><\/em> pour en apprendre davantage sur les \u00e9tapes menant au d\u00e9but de la pratique.<\/p>\n","protected":false},"excerpt":{"rendered":"<p>Pourquoi choisir la m\u00e9decine de famille? La m\u00e9decine de famille offre, \u00e0 travers un large \u00e9ventail de pratiques, des soins de grande qualit\u00e9 accessibles, complets, globaux et continus. Quelles sont les diff\u00e9rentes \u00e9tapes menant \u00e0 la certification en m\u00e9decine de [&hellip;]<\/p>\n","protected":false},"author":1,"featured_media":0,"parent":41,"menu_order":0,"comment_status":"closed","ping_status":"closed","template":"","meta":{"_acf_changed":false,"_coblocks_attr":"","_coblocks_dimensions":"","_coblocks_responsive_height":"","_coblocks_accordion_ie_support":"","footnotes":""},"class_list":["post-129","page","type-page","status-publish","hentry"],"acf":[],"_links":{"self":[{"href":"https:\/\/cqmfdev.cright.org\/index.php?rest_route=\/wp\/v2\/pages\/129","targetHints":{"allow":["GET"]}}],"collection":[{"href":"https:\/\/cqmfdev.cright.org\/index.php?rest_route=\/wp\/v2\/pages"}],"about":[{"href":"https:\/\/cqmfdev.cright.org\/index.php?rest_route=\/wp\/v2\/types\/page"}],"author":[{"embeddable":true,"href":"https:\/\/cqmfdev.cright.org\/index.php?rest_route=\/wp\/v2\/users\/1"}],"replies":[{"embeddable":true,"href":"https:\/\/cqmfdev.cright.org\/index.php?rest_route=%2Fwp%2Fv2%2Fcomments&post=129"}],"version-history":[{"count":22,"href":"https:\/\/cqmfdev.cright.org\/index.php?rest_route=\/wp\/v2\/pages\/129\/revisions"}],"predecessor-version":[{"id":8142,"href":"https:\/\/cqmfdev.cright.org\/index.php?rest_route=\/wp\/v2\/pages\/129\/revisions\/8142"}],"up":[{"embeddable":true,"href":"https:\/\/cqmfdev.cright.org\/index.php?rest_route=\/wp\/v2\/pages\/41"}],"wp:attachment":[{"href":"https:\/\/cqmfdev.cright.org\/index.php?rest_route=%2Fwp%2Fv2%2Fmedia&parent=129"}],"curies":[{"name":"wp","href":"https:\/\/api.w.org\/{rel}","templated":true}]}}