{"id":53,"date":"2019-10-15T02:32:32","date_gmt":"2019-10-15T02:32:32","guid":{"rendered":"http:\/\/cqmf.synchronicitycommunication.com\/?page_id=53"},"modified":"2025-01-17T14:49:53","modified_gmt":"2025-01-17T19:49:53","slug":"ressources-pour-la-pratique","status":"publish","type":"page","link":"https:\/\/cqmfdev.cright.org\/?page_id=53","title":{"rendered":"Ressources pour la pratique"},"content":{"rendered":"\n<p>Le&nbsp;groupe de travail&nbsp;sur les meilleures&nbsp;pratiques&nbsp;a relev\u00e9 plusieurs pistes de r\u00e9ponses aux questions fr\u00e9quemment pos\u00e9es. C\u2019est pourquoi nous proposons&nbsp;des outils sans biais commercial et bas\u00e9s sur des donn\u00e9es probantes pour&nbsp;soutenir la pratique clinique des m\u00e9decins.&nbsp;&nbsp;<\/p>\n\n\n\n<p>Vous connaissez des outils qui pourraient \u00eatre&nbsp;ajout\u00e9s&nbsp;\u00e0 ce r\u00e9pertoire, n&rsquo;h\u00e9sitez pas \u00e0 nous en faire part&nbsp;\u00e0&nbsp;<a href=\"mailto:dpc@cqmf.qc.ca\" target=\"_blank\" rel=\"noreferrer noopener\">dpc@cqmf.qc.ca<\/a>.&nbsp;<\/p>\n\n\n\n<div class=\"wp-block-coblocks-accordion\">\n<div class=\"wp-block-coblocks-accordion-item\"><details><summary class=\"wp-block-coblocks-accordion-item__title\"><strong>Am\u00e9lioration continue de la qualit\u00e9<\/strong><\/summary><div class=\"wp-block-coblocks-accordion-item__content\">\n<p><\/p>\n\n\n\n<p>Article : <a href=\"https:\/\/bmjopenquality.bmj.com\/content\/bmjqir\/8\/4\/e000795.full.pdf\" data-type=\"URL\" data-id=\"https:\/\/bmjopenquality.bmj.com\/content\/bmjqir\/8\/4\/e000795.full.pdf\">Fourteen years of quality improvement education in healthcare: a utilisation focused evaluation using concept mapping<\/a><\/p>\n\n\n\n<p><a href=\"https:\/\/www.cqmf.qc.ca\/wp-content\/uploads\/2021\/06\/Boite-a-outils-ACQ.docx\" data-type=\"URL\" data-id=\"https:\/\/www.cqmf.qc.ca\/wp-content\/uploads\/2021\/06\/Boite-a-outils-ACQ.docx\">Bo\u00eete \u00e0 outils d&rsquo;ACQ (document pr\u00e9par\u00e9 pour l&rsquo;atelier <em>Am\u00e9liorer sa pratique&#8230; et quoi faire pour que ce soit compt\u00e9!<\/em>, pr\u00e9sent\u00e9 le 4 juin 2021 dans le cadre de la Journ\u00e9e CQMF 2021)<\/a><\/p>\n\n\n\n<p><a href=\"http:\/\/reseau1quebec.ca\/nouveautes\/bulletins-ccacq\/\" target=\"_blank\" rel=\"noreferrer noopener\">Bulletins d\u2019information sur l\u2019am\u00e9lioration continue de la qualit\u00e9 dans les GMF-U du Qu\u00e9bec<\/a>&nbsp;<\/p>\n\n\n\n<p><a href=\"http:\/\/reseau1quebec.ca\/wp-content\/uploads\/2017\/10\/Cadre-de-r%C3%A9f%C3%A9rence-en-lien-avec-lACQ-en-GMF-U-Version-1.pdf\" target=\"_blank\" rel=\"noreferrer noopener\">Cadre de r\u00e9f\u00e9rence en lien avec l\u2019am\u00e9lioration continue de la qualit\u00e9 dans les groupes de m\u00e9decine de famille universitaires du Qu\u00e9bec<\/a>&nbsp;<\/p>\n\n\n\n<p><a rel=\"noreferrer noopener\" href=\"https:\/\/www.cfpc.ca\/pii\/\" target=\"_blank\">Coll\u00e8ge des m\u00e9decins de famille du Canada &#8211; Initiative d\u2019am\u00e9lioration de la pratique<\/a>&nbsp;<\/p>\n\n\n\n<p><a rel=\"noreferrer noopener\" href=\"https:\/\/www.cfpc.ca\/fr\/policy-innovation\/health-policy-goverment-relations\/cfpc-policy-papers-position-statements\/position-statement-supporting-access-to-data-in-el\" target=\"_blank\">\u00c9nonc\u00e9 de position du CMFC : Acc\u00e8s aux donn\u00e9es du DM\u00c9<\/a><\/p>\n\n\n\n<p><a href=\"https:\/\/patientsmedicalhome.ca\/fr\/resources\/conseils-pratiques\/guide-conseil-pratique-utilisation-avancee-et-eclairee-des-dme\/\" target=\"_blank\" rel=\"noreferrer noopener\">Guide Conseil pratique : Utilisation avanc\u00e9e et \u00e9clair\u00e9e des DME (CMFC)<\/a><\/p>\n\n\n\n<p><a rel=\"noreferrer noopener\" href=\"http:\/\/www.ihi.org\/resources\/Pages\/Tools\/Quality-Improvement-Essentials-Toolkit.aspx\" target=\"_blank\">\u200b\u200b\u200bInstitute for Healthcare Improvement -Quality&nbsp;Improvement&nbsp;Essentials Toolkit&nbsp;<\/a><\/p>\n\n\n\n<p><a rel=\"noreferrer noopener\" href=\"https:\/\/www.cfpc.ca\/CFPC\/media\/PDF\/Pour-la-facilitation-de-la-pratiqueen-soins-primaires-Un-guide-d-introduction-et-de-plaidoyer.pdf\" target=\"_blank\">Pour la facilitation de la pratique en soins primaires\u202f: Un guide d\u2019introduction et de plaidoyer (CMFC)<\/a><\/p>\n\n\n\n<p><a href=\"https:\/\/www.cfpc.ca\/CFPC\/media\/Ressources\/%c3%89ducation\/Residency-Training-Profile-FRE.pdf\" target=\"_blank\" rel=\"noreferrer noopener\">Profile de formation pour le r\u00e9sident en m\u00e9decine de famille &#8211; CMFC<\/a><\/p>\n\n\n\n<p><a rel=\"noreferrer noopener\" href=\"http:\/\/reseau1quebec.ca\/recherche-et-ressources\/amelioration-continue-de-la-qualite\/\" target=\"_blank\">R\u00e9seau-1 Qu\u00e9bec &#8211; Am\u00e9lioration continue de la qualit\u00e9<\/a><\/p>\n\n\n\n<p><a rel=\"noreferrer noopener\" href=\"https:\/\/www.cfpc.ca\/fr\/policy-innovation\/innovation-in-research-and-quality-improvement\/practice-improvement-initiative\/invitational-quality-improvement-symposium\" target=\"_blank\">Symposium sur invitation sur l&rsquo;am\u00e9lioration continue de la qualit\u00e9 (2018)<\/a><\/p>\n\n\n\n<p><a href=\"https:\/\/www.youtube.com\/watch?v=9pM1cGII5Po&amp;t=269s\" target=\"_blank\" rel=\"noreferrer noopener\">Vid\u00e9o du CMFC &#8211; Am\u00e9lioration continue dans la pratique clinique<\/a><\/p>\n\n\n\n<p><a href=\"https:\/\/www.youtube.com\/watch?v=xXA7-t2kCHY&amp;t=448s\" target=\"_blank\" rel=\"noreferrer noopener\">Vid\u00e9o du CMFC &#8211; <em>Le chercheur en chaque m\u00e9decin de famille&nbsp;: Encourager une culture de curiosit\u00e9<\/em><\/a><\/p>\n<\/div><\/details><\/div>\n\n\n\n<div class=\"wp-block-coblocks-accordion-item\"><details><summary class=\"wp-block-coblocks-accordion-item__title\"><strong> Centre de m\u00e9decine de famille <\/strong><\/summary><div class=\"wp-block-coblocks-accordion-item__content\">\n<p><a href=\"https:\/\/patientsmedicalhome.ca\/fr\/vision\/medecins\/\" target=\"_blank\" rel=\"noreferrer noopener\">Le site Web<\/a>&nbsp;&nbsp;<\/p>\n\n\n\n<p><a href=\"https:\/\/patientsmedicalhome.ca\/fr\/auto-evaluation\/\" target=\"_blank\" rel=\"noreferrer noopener\">L\u2019outil d\u2019auto\u00e9valuation<\/a>&nbsp;&nbsp;<\/p>\n\n\n\n<p><a href=\"https:\/\/patientsmedicalhome.ca\/files\/uploads\/PMH2019_ImplementKit_QC_FRE.pdf\" target=\"_blank\" rel=\"noreferrer noopener\">Trousse de mise en \u0153uvre au Qu\u00e9bec<\/a>&nbsp;&nbsp;<\/p>\n<\/div><\/details><\/div>\n\n\n\n<div class=\"wp-block-coblocks-accordion-item\"><details><summary class=\"wp-block-coblocks-accordion-item__title\"><strong>Pour une pratique \u00e9clair\u00e9e <\/strong><\/summary><div class=\"wp-block-coblocks-accordion-item__content\">\n<p><a href=\"https:\/\/choisiravecsoinquebec.ca\/\">Choisir avec soin Qu\u00e9bec<\/a><\/p>\n\n\n\n<p><a href=\"http:\/\/canadiantaskforce.ca\/?lang=fr\" target=\"_blank\" rel=\"noreferrer noopener\">Groupe d\u2019\u00e9tude canadien sur les soins de sant\u00e9 pr\u00e9ventifs<\/a>&nbsp;<\/p>\n\n\n\n<p><a href=\"https:\/\/cep.health\/\" target=\"_blank\" rel=\"noreferrer noopener\">Center for Effective Practice (CEP)<\/a>&nbsp;<\/p>\n\n\n\n<p><a href=\"https:\/\/choisiravecsoin.org\/\" target=\"_blank\" rel=\"noreferrer noopener\">Choisir avec soin Canada<\/a> <\/p>\n\n\n\n<p><a href=\"https:\/\/therapeuticseducation.org\/\" target=\"_blank\" rel=\"noreferrer noopener\">Therapeutics Education Collaboration<\/a>&nbsp;<\/p>\n\n\n\n<p><a href=\"https:\/\/actt.albertadoctors.org\/cpgs\/all-cpgs\/\" data-type=\"link\" data-id=\"https:\/\/actt.albertadoctors.org\/cpgs\/all-cpgs\/\">Clinical Practice Guidelines (Alberta Medical Association)<\/a><\/p>\n\n\n\n<p><a href=\"https:\/\/www.msss.gouv.qc.ca\/aide-decision-app\/accueil.php?situation=pc-adulte\" target=\"_blank\" rel=\"noreferrer noopener\">Guide des bonnes pratiques en pr\u00e9vention clinique&nbsp;MSSS<\/a>&nbsp;<\/p>\n\n\n\n<p><a href=\"https:\/\/gpevidence.org\/\">GP Evidence<\/a><\/p>\n\n\n\n<p><a href=\"https:\/\/cms.cmq.org\/files\/documents\/Fiches\/fiche-prevention-clinique-04.pdf\">Fiche de pr\u00e9vention clinique<\/a><\/p>\n\n\n\n<p><a href=\"https:\/\/www.cassf.ca\/\">Centre pour l\u2019avancement des soins de sant\u00e9 factuels<\/a><\/p>\n\n\n\n<p><strong><span style=\"background-color:rgba(0, 0, 0, 0)\" class=\"has-inline-color has-very-dark-gray-color\">Cancer&nbsp;<\/span><\/strong><\/p>\n\n\n\n<p>Colorectal : <a rel=\"noreferrer noopener\" aria-label=\" (s\u2019ouvre dans un nouvel onglet)\" href=\"https:\/\/www.santeestrie.qc.ca\/clients\/SanteEstrie\/Professionnels\/Cancer-colorectal\/RSOSi_Formulaire_algo_colorectal_2018-04.pdf\" target=\"_blank\">Algorithme de stratification de risque et de la modalit\u00e9 de d\u00e9pistage recommand\u00e9e pour le d\u00e9pistage du CCR<\/a>&nbsp;&nbsp;<\/p>\n\n\n\n<p>Colorectal : <a href=\"https:\/\/www.msss.gouv.qc.ca\/professionnels\/cancer\/pqdccr\/\">D\u00e9pistage du cancer colorectal<\/a><\/p>\n\n\n\n<p>Colorectal : <a href=\"https:\/\/qcancer.org\/15yr\/colorectal\/\" target=\"_blank\" rel=\"noreferrer noopener\">Calculateur de risque de cancer colorectal<\/a>&nbsp;<\/p>\n\n\n\n<p>Colorectal : <a rel=\"noreferrer noopener\" href=\"https:\/\/www.bmj.com\/content\/367\/bmj.l5515\" target=\"_blank\">Colorectal cancer screening with faecal immunochemical testing, sigmoidoscopy or colonoscopy: a clinical practice guideline<\/a><\/p>\n\n\n\n<p>Prostate : <a aria-label=\" (s\u2019ouvre dans un nouvel onglet)\" href=\"https:\/\/www.inesss.qc.ca\/fileadmin\/doc\/INESSS\/Rapports\/Oncologie\/INESSS_outil_depistage_cancer_prostate_FRC.pdf\" target=\"_blank\" rel=\"noreferrer noopener\">INESSS outils d\u00e9pistage cancer prostate<\/a>&nbsp;<\/p>\n\n\n\n<p><strong><span class=\"has-inline-color has-very-dark-gray-color\">Cardiovasculaire&nbsp;<\/span><\/strong><\/p>\n\n\n\n<p><a href=\"https:\/\/decisionaid.ca\/cvd\/\" target=\"_blank\" rel=\"noreferrer noopener\">Calculatrice de risque cardiovasculaire&nbsp;Framingham&nbsp;<\/a><\/p>\n\n\n\n<p><a href=\"http:\/\/calculatricercv.inesss.qc.ca\/\" target=\"_blank\" rel=\"noreferrer noopener\">Calculatrice de risque cardiovasculaire INESSS<\/a>&nbsp;<\/p>\n\n\n\n<p><strong><span class=\"has-inline-color has-very-dark-gray-color\">D\u00e9cision partag\u00e9e<\/span>&nbsp;<\/strong><\/p>\n\n\n\n<p><a href=\"https:\/\/depressiondecisionaid.mayoclinic.org\/index\">Decision aids for chronic disease \u2013 depression medication choice<\/a><\/p>\n\n\n\n<p><a href=\"https:\/\/youtu.be\/rQUMg7x52kU\" target=\"_blank\" rel=\"noreferrer noopener\">Discutons de niveau de soins<\/a> (vid\u00e9o)<\/p>\n\n\n\n<p><a href=\"https:\/\/youtu.be\/k0Er_4KeIYg\" target=\"_blank\" rel=\"noreferrer noopener\">Mammographie de d\u00e9pistage &#8211; simulation de d\u00e9cision partag\u00e9e<\/a> (vid\u00e9o)<\/p>\n\n\n\n<p><a href=\"https:\/\/diabetesdecisionaid.mayoclinic.org\/index\">Outil d\u2019aide \u00e0 la d\u00e9cision partag\u00e9e pour le choix de traitement du diab\u00e8te<\/a><\/p>\n\n\n\n<p><a rel=\"noreferrer noopener\" href=\"https:\/\/decisionaid.ohri.ca\/francais\/index.html\" target=\"_blank\">Outils d\u2019aide \u00e0 la d\u00e9cision&nbsp;pour les patients, L\u2019H\u00f4pital d\u2019Ottawa, Institut de recherche<\/a>&nbsp;<\/p>\n\n\n\n<p><a href=\"https:\/\/www.inesss.qc.ca\/formations-et-outils\/approche-methodologique\/soutenir-la-prise-de-decision-partagee.html\" target=\"_blank\" rel=\"noreferrer noopener\">Soutenir la prise de d\u00e9cision partag\u00e9e (INESSS)<\/a>&nbsp;<\/p>\n\n\n\n<p><strong><span class=\"has-inline-color has-very-dark-gray-color\">D\u00e9prescription&nbsp;<\/span><\/strong><\/p>\n\n\n\n<p><a href=\"https:\/\/www.reseaudeprescription.ca\/\" target=\"_blank\" rel=\"noreferrer noopener\">R\u00e9seau canadien pour la d\u00e9prescription<\/a><\/p>\n\n\n\n<p><a href=\"http:\/\/medstopper.com\/\" target=\"_blank\" rel=\"noreferrer noopener\">Medstopper<\/a>&nbsp;&nbsp;<\/p>\n\n\n\n<p><a href=\"https:\/\/deprescribing.org\/\">Deprescribing<\/a><\/p>\n\n\n\n<p><a href=\"https:\/\/www.rxfiles.ca\/rxfiles\/\">RX Files<\/a><\/p>\n\n\n\n<p><a href=\"https:\/\/static1.squarespace.com\/static\/5b228b21b27e39f258f12ae0\/t\/5c05a74e70a6adfa3b94f9ed\/1543874382808\/Policy_infographic_8mai2018_FINAL_FRENCH_web.pdf\" target=\"_blank\" rel=\"noreferrer noopener\">Politiques publiques pour&nbsp;d\u00e9prescrire&nbsp;les s\u00e9datifs-hypnotiques<\/a>&nbsp;<\/p>\n\n\n\n<p><a href=\"https:\/\/static1.squarespace.com\/static\/5b228b21b27e39f258f12ae0\/t\/5c05a78ac2241b5f71a311c8\/1543874447565\/Deprescribing+through+patient+education_FRENCH_v2.pdf\" target=\"_blank\" rel=\"noreferrer noopener\">Strat\u00e9gies misant sur l\u2019\u00e9ducation du public pour&nbsp;d\u00e9prescrire&nbsp;les s\u00e9datifs-hypnotiques<\/a>&nbsp;&nbsp;<\/p>\n\n\n\n<p><a href=\"http:\/\/mieux-dormir.ca\">Mieux dormir<\/a><\/p>\n\n\n\n<p><strong><span style=\"background-color:rgba(0, 0, 0, 0)\" class=\"has-inline-color has-very-dark-gray-color\">Examen m\u00e9dical p\u00e9riodique&nbsp;<\/span><\/strong><\/p>\n\n\n\n<p><a href=\"https:\/\/www.youtube.com\/watch?v=VJbLW9LR9MU\">Periodic Health Exam: What You Need To Know with Ted Osmun M.D.<\/a> (vid\u00e9o)<\/p>\n\n\n\n<p><a href=\"https:\/\/youtu.be\/Jmz8_7Tea6I\" target=\"_blank\" rel=\"noreferrer noopener\">Pratiques pr\u00e9ventives en m\u00e9decine de famille par Dr Mike Evans<\/a>&nbsp;(vid\u00e9o)<\/p>\n\n\n\n<p><strong><span style=\"background-color:rgba(0, 0, 0, 0)\" class=\"has-inline-color has-very-dark-gray-color\">Pr\u00e9vention des fractures de fragilisation&nbsp;<\/span><\/strong><\/p>\n\n\n\n<p><a href=\"https:\/\/frax.shef.ac.uk\/FRAX\/tool.aspx?country=19\">Outil FRAX<\/a><\/p>\n\n\n\n<p><a href=\"https:\/\/osteoporosisdecisionaid.mayoclinic.org\/\" target=\"_blank\" rel=\"noreferrer noopener\">Bone Health Choice, Decision Aid, Mayo Clinic<\/a>&nbsp;<\/p>\n\n\n\n<p><a href=\"https:\/\/frax.canadiantaskforce.ca\/index.php?r=site%2Findex&amp;language=fr\">Outil de calcul du risque du GECSSP<\/a><\/p>\n\n\n\n<p><a href=\"https:\/\/canadiantaskforce.ca\/lignesdirectrives\/lignes-directrices-publiees\/fracture-de-fragilisation\/?lang=fr\" data-type=\"link\" data-id=\"https:\/\/canadiantaskforce.ca\/lignesdirectrives\/lignes-directrices-publiees\/fracture-de-fragilisation\/?lang=fr\">Lignes directrices 2023 du Groupe d&rsquo;\u00e9tude canadien sur les soins de sant\u00e9 pr\u00e9ventifs<\/a><\/p>\n\n\n\n<p><strong><span style=\"background-color:rgba(0, 0, 0, 0)\" class=\"has-inline-color has-very-dark-gray-color\">Utilisation judicieuse de&nbsp;tests&nbsp;<\/span><\/strong><\/p>\n\n\n\n<p><a href=\"http:\/\/www.car.ca\/fr.aspx\" target=\"_blank\" rel=\"noreferrer noopener\">Imagerie m\u00e9dicale \/ Association canadienne des radiologistes<\/a><\/p>\n\n\n\n<p><strong><span style=\"background-color:rgba(0, 0, 0, 0)\" class=\"has-inline-color has-very-dark-gray-color\">Soins durables<\/span><\/strong><\/p>\n\n\n\n<p><a href=\"https:\/\/cascadescanada.ca\/fr\/ressources\/trousse-a-outils-pour-des-soins-primaires-durables\">Outils pour des soins primaires durables Cascades<\/a><\/p>\n\n\n\n<p><a href=\"https:\/\/choisiravecsoin.org\/climatique\">Choisir avec soin et action climatique<\/a><\/p>\n<\/div><\/details><\/div>\n\n\n\n<div class=\"wp-block-coblocks-accordion-item\"><details><summary class=\"wp-block-coblocks-accordion-item__title\"> <strong>Responsabilit\u00e9 sociale\u00a0et environnementale <\/strong><\/summary><div class=\"wp-block-coblocks-accordion-item__content\">\n<p><a rel=\"noreferrer noopener\" href=\"https:\/\/cape.ca\/cape-qc\/\" target=\"_blank\">Association qu\u00e9b\u00e9coise des m\u00e9decins pour l&rsquo;environnement<\/a><\/p>\n\n\n\n<p><a rel=\"noreferrer noopener\" href=\"https:\/\/www.cqmf.qc.ca\/wp-content\/uploads\/2021\/06\/Clinique-ecoresponsable-et-soins-de-sante-durables.pdf\" target=\"_blank\">Clinique \u00e9coresponsable et soins de sant\u00e9 durables \u2012 Guide d&rsquo;inspiration<\/a><\/p>\n\n\n\n<p><a rel=\"noreferrer noopener\" href=\"http:\/\/patientsmedicalhome.ca\/files\/uploads\/BA_SocialD_FRE_WEB_Links.pdf\" target=\"_blank\">Conseil pratique \u2013 Sur les d\u00e9terminants sociaux de la sant\u00e9<\/a>&nbsp;&nbsp;<\/p>\n\n\n\n<p><a rel=\"noreferrer noopener\" href=\"https:\/\/www.cfpc.ca\/uploadedFiles\/Resources\/_PDFs\/Communique_SystemicRacism_FRE.pdf\" target=\"_blank\">Cons\u00e9quences du racisme syst\u00e9mique&nbsp;sur la sant\u00e9 des populations autochtones du Canada et les soins de sant\u00e9 qui leur sont offerts&nbsp;\u2013 Document d\u2019information<\/a>&nbsp;<\/p>\n\n\n\n<p><a href=\"https:\/\/www.prescri-nature.ca\/\">Prescri-Nature<\/a><\/p>\n<\/div><\/details><\/div>\n<\/div>\n\n\n\n<p><\/p>\n","protected":false},"excerpt":{"rendered":"<p>Le&nbsp;groupe de travail&nbsp;sur les meilleures&nbsp;pratiques&nbsp;a relev\u00e9 plusieurs pistes de r\u00e9ponses aux questions fr\u00e9quemment pos\u00e9es. C\u2019est pourquoi nous proposons&nbsp;des outils sans biais commercial et bas\u00e9s sur des donn\u00e9es probantes pour&nbsp;soutenir la pratique clinique des m\u00e9decins.&nbsp;&nbsp; Vous connaissez des outils qui pourraient [&hellip;]<\/p>\n","protected":false},"author":1,"featured_media":0,"parent":28,"menu_order":0,"comment_status":"closed","ping_status":"closed","template":"","meta":{"_acf_changed":false,"_coblocks_attr":"","_coblocks_dimensions":"","_coblocks_responsive_height":"","_coblocks_accordion_ie_support":"","footnotes":""},"class_list":["post-53","page","type-page","status-publish","hentry"],"acf":[],"_links":{"self":[{"href":"https:\/\/cqmfdev.cright.org\/index.php?rest_route=\/wp\/v2\/pages\/53","targetHints":{"allow":["GET"]}}],"collection":[{"href":"https:\/\/cqmfdev.cright.org\/index.php?rest_route=\/wp\/v2\/pages"}],"about":[{"href":"https:\/\/cqmfdev.cright.org\/index.php?rest_route=\/wp\/v2\/types\/page"}],"author":[{"embeddable":true,"href":"https:\/\/cqmfdev.cright.org\/index.php?rest_route=\/wp\/v2\/users\/1"}],"replies":[{"embeddable":true,"href":"https:\/\/cqmfdev.cright.org\/index.php?rest_route=%2Fwp%2Fv2%2Fcomments&post=53"}],"version-history":[{"count":73,"href":"https:\/\/cqmfdev.cright.org\/index.php?rest_route=\/wp\/v2\/pages\/53\/revisions"}],"predecessor-version":[{"id":7707,"href":"https:\/\/cqmfdev.cright.org\/index.php?rest_route=\/wp\/v2\/pages\/53\/revisions\/7707"}],"up":[{"embeddable":true,"href":"https:\/\/cqmfdev.cright.org\/index.php?rest_route=\/wp\/v2\/pages\/28"}],"wp:attachment":[{"href":"https:\/\/cqmfdev.cright.org\/index.php?rest_route=%2Fwp%2Fv2%2Fmedia&parent=53"}],"curies":[{"name":"wp","href":"https:\/\/api.w.org\/{rel}","templated":true}]}}